 2*u + 20. Let p be d(4). Calculate the highest common divisor of 364 and p.
28
Let l = -10 + 13. Suppose 0 = c + l - 1. Let s be (c/3)/(4/(-198)). What is the highest common factor of 11 and s?
11
Suppose -5712 = -56*i + 9688. What is the greatest common divisor of i and 165?
55
Suppose -5*a = -2*a - 36. Let z = 15 - a. Suppose z*v - 9 = -0*v, 4*v = -i + 30. Calculate the highest common divisor of 126 and i.
18
Let y = -30 + -12. Let v = -16 - y. Suppose a - 18 = 3*t - t, 0 = -4*a + 4*t + 88. Calculate the highest common divisor of v and a.
26
Let s = -20 - -17. Let a be 4 - (s/(-1) + -3). Suppose 192 = -0*n + a*n. Calculate the highest common divisor of n and 6.
6
Let f be (-4)/30 - (-3 + 12085/(-75)). What is the greatest common factor of f and 41?
41
Let b(t) = -t + 12. Let z be b(-3). Let w be (z/5)/(3/8). Calculate the highest common divisor of w and 8.
8
Suppose 4*p = -p + 4*n + 222, -n - 3 = 0. Suppose -363 = -36*k + 141. What is the highest common divisor of p and k?
14
Suppose 9*r - 18*r = -1080. What is the greatest common factor of 60 and r?
60
Suppose 0 = -3*t + 3*y - 5*y + 55, -64 = -4*t + 2*y. Calculate the greatest common divisor of t and 289.
17
Let l = 65 - -2. Calculate the highest common factor of l and 134.
67
Suppose -5*a + 231 - 21 = 0. Calculate the greatest common divisor of a and 1442.
14
Let l(d) = 119*d**2 - d + 1. Let r = 30 - 29. Suppose -3*b = -4*b + r. Let f be l(b). What is the highest common factor of 17 and f?
17
Let l = -718 + 721. What is the greatest common divisor of l and 519?
3
Let r(g) = 164*g**2 - 3*g + 4. Let l be r(1). Let b(t) = -8*t - 9. Let f be b(-3). What is the greatest common factor of l and f?
15
Suppose -2*x + 7*x = -25. Let v(g) = 2*g**2 + 7*g. Let d be v(x). What is the highest common factor of d and 10?
5
Let c(o) = 198*o**2 + o - 1. Let f be c(1). Let i be 2/9 + 7480/f. Calculate the highest common divisor of i and 57.
19
Let j(h) = h**3 - 7*h**2 + 8*h - 9. Let x be j(6). Let i be 24 + 0/(x + -2). Suppose -4*z + 144 + 720 = 0. Calculate the highest common divisor of z and i.
24
Suppose 4*f - 32 - 48 = 0. Suppose 2*a = 6, -3*b - 3 + 414 = -3*a. Calculate the greatest common factor of f and b.
20
Suppose -4*l - 1159 = -3*v, v - 8*l = -3*l + 390. What is the highest common factor of v and 231?
77
Let u be 2/(-8) + 4/((-32)/(-18)). Let n be 2/((u/5)/(5 + 1)). Calculate the highest common divisor of 10 and n.
10
Suppose -62 = d + 3*d + 5*a, -2*d = 2*a + 30. Let h = d - -17. Suppose 0 = -t + h + 20. What is the greatest common divisor of t and 16?
8
Suppose -16*y + 19*y + 3*m - 27 = 0, -y + 19 = -4*m. Calculate the greatest common factor of 275 and y.
11
Suppose 3*g - 4*j = 68, g - 2*j + j = 24. Suppose 2*z = 4*y - g, 20 = 2*y + 2*z - 0*z. Calculate the highest common divisor of 88 and y.
8
Suppose -5*c + 26 = 1, -145 = -4*b - c. Let p = b - 23. Calculate the highest common factor of 132 and p.
12
Let p(j) = -j**2 - 11*j - 12. Let f = -30 - -19. Let k be p(f). Let h be (-2)/(-3) + (-280)/k. What is the greatest common factor of 36 and h?
12
Suppose 297 = -5*s + 38*s. What is the highest common divisor of s and 1359?
9
Suppose 868 = 74*q - 60*q. Calculate the greatest common divisor of q and 93.
31
Let n = -6 - -9. Let q = 13 + n. Suppose 0 + q = 2*k. Calculate the greatest common divisor of k and 40.
8
Suppose 2*z = 3*h + 108, -4*z + 149 + 67 = -2*h. Let a be 0/(-1)*(-10)/(-20). Suppose -3*g + 30 - 12 = a. What is the greatest common factor of g and z?
6
Let s be 12/3 + (-2)/1. Suppose -3*i + 48 = -s*i. Suppose 25 = -5*w, 2*y = w + 10 + 7. Calculate the greatest common factor of y and i.
6
Let h = 6 - 2. Let x be 750/300*(-24)/(-10). What is the greatest common factor of h and x?
2
Suppose -2*x = 2*v - 30 - 30, 3*x - v - 90 = 0. Suppose -x = -g + 3*r, -2 - 2 = 2*r. Let o = -673 - -685. Calculate the greatest common divisor of o and g.
12
Suppose 4*x - 126 + 114 = 0. Let g = x + 52. What is the highest common divisor of g and 44?
11
Suppose 30 = 5*y - 200. Calculate the greatest common factor of y and 805.
23
Let p(v) = -v**2 - 23*v + 34. Let n be p(-24). Suppose -122 = -n*l + 318. What is the greatest common divisor of 484 and l?
44
Let p = -37 + 41. What is the highest common factor of 15 and p?
1
Let h = 3 + 32. Suppose -4*i + h = -0*k - k, -k = -i + 5. Suppose 47*o - 50*o + 60 = 0. What is the greatest common divisor of o and i?
10
Suppose -2*l = -3*l - 4. Let b(r) = -r**3 + 17*r**2 - 2*r + 20. Let d be b(17). Let h be 7/d - 434/l. Calculate the greatest common divisor of 12 and h.
12
Let m be 120/((-5)/((-50)/4)). Suppose 1066 + 404 = 49*y. Calculate the highest common factor of y and m.
30
Suppose -18*d + 2*d + 1360 = 0. Calculate the highest common factor of d and 153.
17
Suppose 7 - 3 = 2*o. Let m(g) = -9*g + 5*g - 2 + o*g. Let l be m(-4). Calculate the highest common divisor of l and 9.
3
Suppose -181 = -15*n - 1. What is the greatest common factor of n and 876?
12
Let u = 2 - -16. Suppose 0 = 131*z - 108*z - 1242. What is the greatest common factor of z and u?
18
Let z(l) = -48*l**3 - 2*l**2 - 5*l - 12. Let x be z(-2). Calculate the highest common factor of 22 and x.
22
Suppose -60*l + 18316 = 496. Calculate the greatest common divisor of 45 and l.
9
Let f(i) = 2*i + 3. Let r(l) = 2*l**2 + 3*l + 3. Let v be r(-2). Let n be f(v). Calculate the highest common factor of 39 and n.
13
Suppose -2*c = 2*b + 2, 0 = b - 2*b - 5*c + 7. Let h(t) = -2*t**3 - 5*t**2 - 3*t - 1. Let y be h(b). What is the highest common divisor of 17 and y?
17
Suppose 0 = 4*q + 3*b - 97, -7*q + 5*q + b + 41 = 0. What is the highest common divisor of 297 and q?
11
Let s(d) = 4*d**3 - 2*d**2 + 10*d - 11. Let n be s(2). Calculate the greatest common factor of 22 and n.
11
Let b(h) = h**2 - 3*h + 6. Let p be b(3). Suppose 0 = -2*u - u - 15, 3*u = -5*s + 195. Calculate the highest common factor of s and p.
6
Let h be ((-10)/3)/((-26)/273). Suppose 0 = 3*z, -z = -6*q + q + h. Calculate the greatest common divisor of q and 1.
1
Let r(p) = -33*p + 432. Let d be r(-40). Calculate the highest common divisor of 24 and d.
24
Let d(v) = 14*v**2 - v**2 + 5 - 12*v**2 - 6*v. Let w be d(7). Calculate the greatest common factor of w and 6.
6
Let u be (4/14*9)/(342/35112). Calculate the highest common factor of 99 and u.
33
Suppose 5*l - 88 = -3*c + 7*c, -5*c = -l + 5. What is the greatest common divisor of 240 and l?
20
Let i be ((-10)/(-4))/1 + (-46)/(-4). Calculate the highest common divisor of i and 10.
2
Let s(q) = 57*q**2 - 21*q + 9. Let c be s(3). What is the greatest common factor of 27 and c?
27
Let q be 2/1 - ((-390)/30 - -3). Let y be 1*(0 + 2 - -1). Calculate the greatest common factor of q and y.
3
Let q be (-1 + 4/(-3))/(7/21). Let p be (-3)/(-2) - q - (-2)/(-4). What is the greatest common divisor of p and 88?
8
Let p(q) = -q**2 - 3*q - 2. Let x be p(-2). Let h be (6/3 - x)*-22. Let s = 132 + h. What is the greatest common divisor of 22 and s?
22
Suppose -7*t + 24 = -t. Suppose -2*k + 16 = -b, 2*k - t*b = 4*k - 16. Calculate the greatest common factor of 72 and k.
8
Let q = 53 + -45. Suppose 3*a - 276 = -3*f, 5*f - q*a - 442 = -4*a. What is the highest common factor of f and 10?
10
Suppose 32 = -2*q + 208. Suppose 4 = -2*g + 12. Suppose g*n + 69 = 113. Calculate the greatest common divisor of n and q.
11
Let q = -2268 + 2298. Calculate the highest common divisor of q and 555.
15
Let g = -763 + 810. Calculate the highest common divisor of 3 and g.
1
Let s be 189/42*96/2. What is the highest common divisor of 24 and s?
24
Let i be 3 - 3*3/3. Suppose i = 6*x + 88 + 122. Let c = 150 + x. What is the highest common factor of 23 and c?
23
Let k = 685 - 136. Calculate the greatest common factor of 9 and k.
9
Let d be (-1 - 20/(-8))*3952/(-12). Let t = 715 + d. Calculate the greatest common divisor of 17 and t.
17
Let f(m) = -m**3 + m + 44. Let s be f(0). Calculate the greatest common factor of s and 11.
11
Suppose -55 = 5*q - 80, 0 = -3*n - 5*q + 61. Calculate the highest common factor of 684 and n.
12
Let k = 1427 - 1397. What is the highest common divisor of k and 70?
10
Let p be 5*(-5)/25*-26. Calculate the greatest common factor of p and 4.
2
Let r = 1317 - 1061. What is the greatest common divisor of 32 and r?
32
Le